{"id":41,"date":"2015-05-28T21:43:46","date_gmt":"2015-05-28T19:43:46","guid":{"rendered":"http:\/\/neumai02.bn-paf.de\/esperanto\/?page_id=41"},"modified":"2016-02-14T20:00:51","modified_gmt":"2016-02-14T19:00:51","slug":"die-geschichte-unseres-clubs","status":"publish","type":"page","link":"https:\/\/espera01.bn-paf.de\/?page_id=41","title":{"rendered":"Die Gr\u00fcndung unseres Klubs"},"content":{"rendered":"<p><strong>\u00a0\u201eEsperanto f\u00fcr die Olympiade\u201c<\/strong>, ein unter dieser \u00dcberschrift im Fr\u00fchjahr 1969 erschienener Artikel in der Zeitschrift <strong>\u201eAllgemeines Sport-Magazin<\/strong>\u201c lie\u00df den Pfaffenhofener B\u00e4ckermeister <strong>Karl Sch\u00e4ch<\/strong> nicht mehr los. Eine neutrale und v\u00f6lkerverbindende Sprache, die zudem in wesentlich k\u00fcrzerer Zeit erlernbar w\u00e4re, als eine Nationalsprache, w\u00fcrden auch sicher viele Menschen in Pfaffenhofen gerne kennen lernen.<\/p>\n<p><a href=\"https:\/\/espera01.bn-paf.de\/wp-content\/uploads\/2015\/05\/E-Gr\u00fcndung-Sch\u00e4ch.jpg\"><img loading=\"lazy\" class=\"alignnone size-medium wp-image-42\" src=\"https:\/\/espera01.bn-paf.de\/wp-content\/uploads\/2015\/05\/E-Gr\u00fcndung-Sch\u00e4ch-300x208.jpg\" alt=\"E-Gr\u00fcndung Sch\u00e4ch\" width=\"300\" height=\"208\" srcset=\"https:\/\/www.esperantopfaffenhofen.de\/wp-content\/uploads\/2015\/05\/E-Gr\u00fcndung-Sch\u00e4ch-300x208.jpg 300w, https:\/\/www.esperantopfaffenhofen.de\/wp-content\/uploads\/2015\/05\/E-Gr\u00fcndung-Sch\u00e4ch.jpg 357w\" sizes=\"(max-width: 300px) 100vw, 300px\" \/><\/a><\/p>\n<p>Karl Sch\u00e4ch (+1993) in wei\u00dfer B\u00e4ckerkleidung, der Klubgr\u00fcnder<\/p>\n<p>Um sich n\u00e4her \u00fcber diese Sprache zu informieren, nahm Karl Sch\u00e4ch alsbald Kontakt zum Esperanto-Klub M\u00fcnchen auf , der ihm mit Herrn Horst Spirat einen erfahrenen Esperantisten und Kursleiter f\u00fcr den ersten Esperanto-Lehrgang im Herbst 1969 in der Kreisstadt zur Verf\u00fcgung stellte.<\/p>\n<p>Einige Teilnehmer dieses Kurses gr\u00fcndeten dann zusammen mit weiteren interessierten Personen am <strong>27. April 1970 im Gasthaus Amberger in Pfaffenhofen den Hallertauer Esperanto-Klub<\/strong>, der sp\u00e4ter in <strong>Esperanto-Klub Pfaffenhofen <\/strong>umbenannt wurde. Zum 1. Vorsitzenden w\u00e4hlte die Gr\u00fcndungsversammlung den Initiator f\u00fcr Esperanto in Pfaffenhofen , Karl Sch\u00e4ch. Nach 12j\u00e4hrigem engagierten Einsatz f\u00fcr die Internationale Sprache stellte er im April 1982 sein Amt aus gesundheitlichen Gr\u00fcnden zur Verf\u00fcgung, als seinen Nachfolger w\u00e4hlte die Mitgliederversammlung den derzeitigen 1. Vorsitzenden <strong> Franz Kn\u00f6ferl <\/strong>. Um aus dem Ideenkomplex Esperanto unser Hauptanliegen, die Verbreitung und Anwendung der Sprache Esperanto, besser hervorzuheben, nennt sich unser Klub <strong>seit 1984 \u201eEsperanto-Sprachklub Pfaffenhofen\u201c.<\/strong><\/p>\n","protected":false},"excerpt":{"rendered":"<p>\u00a0\u201eEsperanto f\u00fcr die Olympiade\u201c, ein unter dieser \u00dcberschrift im Fr\u00fchjahr 1969 erschienener Artikel in der Zeitschrift \u201eAllgemeines Sport-Magazin\u201c lie\u00df den Pfaffenhofener B\u00e4ckermeister Karl Sch\u00e4ch nicht mehr los. Eine neutrale und v\u00f6lkerverbindende Sprache, die zudem in wesentlich k\u00fcrzerer Zeit erlernbar w\u00e4re, &hellip; <a href=\"https:\/\/espera01.bn-paf.de\/?page_id=41\">Weiterlesen <span class=\"meta-nav\">&rarr;<\/span><\/a><\/p>\n","protected":false},"author":1,"featured_media":0,"parent":7,"menu_order":0,"comment_status":"closed","ping_status":"open","template":"","meta":[],"_links":{"self":[{"href":"https:\/\/espera01.bn-paf.de\/index.php?rest_route=\/wp\/v2\/pages\/41"}],"collection":[{"href":"https:\/\/espera01.bn-paf.de\/index.php?rest_route=\/wp\/v2\/pages"}],"about":[{"href":"https:\/\/espera01.bn-paf.de\/index.php?rest_route=\/wp\/v2\/types\/page"}],"author":[{"embeddable":true,"href":"https:\/\/espera01.bn-paf.de\/index.php?rest_route=\/wp\/v2\/users\/1"}],"replies":[{"embeddable":true,"href":"https:\/\/espera01.bn-paf.de\/index.php?rest_route=%2Fwp%2Fv2%2Fcomments&post=41"}],"version-history":[{"count":5,"href":"https:\/\/espera01.bn-paf.de\/index.php?rest_route=\/wp\/v2\/pages\/41\/revisions"}],"predecessor-version":[{"id":576,"href":"https:\/\/espera01.bn-paf.de\/index.php?rest_route=\/wp\/v2\/pages\/41\/revisions\/576"}],"up":[{"embeddable":true,"href":"https:\/\/espera01.bn-paf.de\/index.php?rest_route=\/wp\/v2\/pages\/7"}],"wp:attachment":[{"href":"https:\/\/espera01.bn-paf.de\/index.php?rest_route=%2Fwp%2Fv2%2Fmedia&parent=41"}],"curies":[{"name":"wp","href":"https:\/\/api.w.org\/{rel}","templated":true}]}}