{"id":172,"date":"2015-08-12T21:32:39","date_gmt":"2015-08-12T19:32:39","guid":{"rendered":"http:\/\/neumai02.bn-paf.de\/esperanto\/?page_id=172"},"modified":"2015-08-12T21:32:39","modified_gmt":"2015-08-12T19:32:39","slug":"die-sprache","status":"publish","type":"page","link":"https:\/\/espera01.bn-paf.de\/?page_id=172","title":{"rendered":"Die Sprache"},"content":{"rendered":"<p>Esperanto ist eine relativ leicht erlernbare und neutrale Plansprache. Leicht, weil sie nicht die Schwierigkeiten nat\u00fcrlich gewachsener Sprachen wie zum Beispiel unregelm\u00e4\u00dfige Verben hat. Neutral, weil sie niemandem aufgrund seiner Muttersprache einen gro\u00dfen Vorteil gegen\u00fcber Anderssprachigen bietet. Seit der Ver\u00f6ffentlichung 1887 durch L.L. Zamenhof hat sich Esperanto zu einer internationalen, lebendigen Sprache mit einer aktiven Sprechergemeinschaft und einer eigenen Kultur entwickelt.<\/p>\n","protected":false},"excerpt":{"rendered":"<p>Esperanto ist eine relativ leicht erlernbare und neutrale Plansprache. Leicht, weil sie nicht die Schwierigkeiten nat\u00fcrlich gewachsener Sprachen wie zum Beispiel unregelm\u00e4\u00dfige Verben hat. Neutral, weil sie niemandem aufgrund seiner Muttersprache einen gro\u00dfen Vorteil gegen\u00fcber Anderssprachigen bietet. Seit der Ver\u00f6ffentlichung &hellip; <a href=\"https:\/\/espera01.bn-paf.de\/?page_id=172\">Weiterlesen <span class=\"meta-nav\">&rarr;<\/span><\/a><\/p>\n","protected":false},"author":1,"featured_media":0,"parent":0,"menu_order":0,"comment_status":"closed","ping_status":"open","template":"","meta":[],"_links":{"self":[{"href":"https:\/\/espera01.bn-paf.de\/index.php?rest_route=\/wp\/v2\/pages\/172"}],"collection":[{"href":"https:\/\/espera01.bn-paf.de\/index.php?rest_route=\/wp\/v2\/pages"}],"about":[{"href":"https:\/\/espera01.bn-paf.de\/index.php?rest_route=\/wp\/v2\/types\/page"}],"author":[{"embeddable":true,"href":"https:\/\/espera01.bn-paf.de\/index.php?rest_route=\/wp\/v2\/users\/1"}],"replies":[{"embeddable":true,"href":"https:\/\/espera01.bn-paf.de\/index.php?rest_route=%2Fwp%2Fv2%2Fcomments&post=172"}],"version-history":[{"count":1,"href":"https:\/\/espera01.bn-paf.de\/index.php?rest_route=\/wp\/v2\/pages\/172\/revisions"}],"predecessor-version":[{"id":173,"href":"https:\/\/espera01.bn-paf.de\/index.php?rest_route=\/wp\/v2\/pages\/172\/revisions\/173"}],"wp:attachment":[{"href":"https:\/\/espera01.bn-paf.de\/index.php?rest_route=%2Fwp%2Fv2%2Fmedia&parent=172"}],"curies":[{"name":"wp","href":"https:\/\/api.w.org\/{rel}","templated":true}]}}